. Let m be (3/(-2))/(-2 + (-3)/(-2)). Let v be 81/6*(-2)/m. Determine s(v).
6
Let r(c) = 2*c. Suppose 11 = 3*t + 2. Let g = 15 + -9. Suppose t*w = 4*w + g. Calculate r(w).
-12
Let l(z) = -2*z - 1 - 1052*z**3 - 1049*z**3 + 2102*z**3. Let s = -3 - -2. Determine l(s).
0
Let v(y) = -5*y**2 - 23*y - 2. Let w(l) = 6*l**2 + 25*l + 2. Let m(h) = -5*v(h) - 4*w(h). Give m(-15).
2
Let g(h) = 2*h + 39. Let x be g(-12). Suppose -2*r + 11 = -5*u, 4*r - x = -r. Let n(k) = 4*k**2 - k - 1. Determine n(u).
4
Suppose 4*k - 8 = 2*n, -n - 2*k - 1 = -k. Let y(c) be the second derivative of -1/12*c**4 + c - c**2 + 0 - 1/3*c**3. Calculate y(n).
-2
Let j(h) = -8*h**3 - 18*h**2 + 29*h + 8. Let u(m) = 3*m**3 + 6*m**2 - 10*m - 3. Let o(z) = -4*j(z) - 11*u(z). Let g = 7 + -3. Give o(g).
9
Suppose -5*n - 41 = 2*y, 5*y = -0*n - n - 45. Let g = y + 14. Let q(c) = c - 7 + g + 3*c. Calculate q(1).
3
Let l(z) be the second derivative of z**4/12 - 5*z**3/6 + z**2/2 - 9*z. Suppose -5*k - s = -4 - 2, -5*s = 3*k + 14. Determine l(k).
-5
Let l be 4 + (7 - 6 - 5). Let y(n) = -2*n + 5. What is y(l)?
5
Let w(g) be the third derivative of g**5/60 - g**4/4 + g**3 - 2*g**2. Suppose -25 = b - 31. Determine w(b).
6
Suppose -5*i = 2*k + 13 - 5, -3*i + 6 = 3*k. Let v be (-4)/k*102/(-4). Let s(p) = v - 7 - 3*p - 7 + p. Determine s(7).
-11
Let j(s) be the third derivative of 1/6*s**4 + 0*s - 1/3*s**3 - 42*s**2 + 0. Give j(3).
10
Let y(k) = k**3 - k**2 - k. Let t(g) = 3*g**3 - 6*g**2 - 5*g + 2. Let r(n) = -t(n) + 2*y(n). Suppose -96 = -11*u - 52. Give r(u).
10
Let x(t) = -7 + 3*t**3 - 6 + 16 - 7*t**2 - 6 - 2*t**3 + 6*t. Let w = -2 + 2. Let d be w - (7 - 1)/(-1). Give x(d).
-3
Let q be (-420)/126*-3*(-3)/5. Suppose 4*v - 3*s = -2*s + 51, 0 = -5*v + 5*s + 75. Let g be v/(-5)*15/q. Let i(c) = -c**3 + 6*c**2 - 3. Calculate i(g).
-3
Let s(q) = -q**3 - 13*q**2 - 23*q - 17. Let o = 2358 + -2369. Calculate s(o).
-6
Let n(w) = -2*w - w**2 - 6*w - w**3 + 2 + 10*w**2 - 1. Let h(x) = 10*x**2 - 2. Let p be h(-1). What is n(p)?
1
Let w be (-1440)/(-216) - 10/6. Let o(c) = 4*c - 19. Calculate o(w).
1
Let m(h) be the third derivative of -2*h**2 + 1/3*h**3 + 0 - 5/24*h**4 + 1/30*h**5 + 0*h. Let l(f) = -4*f**2 - 25*f - 3. Let g be l(-6). Determine m(g).
5
Suppose -2*i = 5*y - 14, 4*y + 0*i - 3*i - 2 = 0. Let u(o) = 2*o**3 - 2*o**2 - o + 1. Calculate u(y).
7
Let u(w) = w**2 - 10 + 10 + 6. Let k(g) = -6*g**2 - 31. Let p(f) = 2*k(f) + 11*u(f). Determine p(-3).
-5
Let a(z) be the third derivative of -z**4/24 + z**3/6 - z**2. Suppose -p - 24 = 3*p. Let g(j) = -j**2 - 6*j + 6. Let o be g(p). What is a(o)?
-5
Let o(w) = -6*w + 3*w - 5*w - 14 + 8*w**2 + 7*w**2 - 14*w**2. What is o(8)?
-14
Suppose -10*w = -20*w. Let r(u) be the third derivative of 0 + w*u - 1/6*u**3 + u**2 + 5/24*u**4. What is r(1)?
4
Let x(b) = -b**2 + 3*b - 1. Let z be x(4). Let l(q) = -2803*q**2 + 1403*q**2 - 2 + 5*q + 1401*q**2. What is l(z)?
-2
Suppose 3*o - 3 = 0, 0 = -2*z - 3*o + o + 20. Let y(x) = 5*x**2 - 46*x + 6. Determine y(z).
-3
Let s(w) = -w**2 + 2*w + 9. Let v be s(3). Let p be 2*9/v - (-2 - -3). Let b(y) = -2*y + 2*y - y. Give b(p).
-2
Let p(i) = -i**2 + 12*i - 29. Let z be p(7). Let s(g) be the first derivative of -g**2 + 7*g - 1. Give s(z).
-5
Let l(v) = -v. Suppose 3*m = 4*u - 14, 5*m + 8 = -u - 0. Give l(m).
2
Let i(j) = -16*j - 5. Let l be i(2). Let h = -57 - l. Let u = 20 + h. Let z(d) = d**3 - 5. Determine z(u).
-5
Let w = 46 - 39. Let l be ((-2)/4 - 0)*-4. Let f(r) = l*r - 3*r + 3 + 4. Determine f(w).
0
Let b(q) = q**3 + 15*q**2 - 15*q + 3. Let l(s) = -s**3 - 37*s**2 - s - 16. Let n be l(0). Determine b(n).
-13
Let n(j) = -j**2 - 9*j - 8. Suppose 4*q = -5 + 45. Suppose -q*t - 99 = t. Determine n(t).
-8
Let f be (-133)/(-28) - 2/(-8). Suppose 4*r + 1 - 25 = 0. Suppose -r*o = -o - f. Let y(s) = 15*s + 1. Determine y(o).
16
Let k(s) = 11*s + 1. Let x = -3 - -4. Let m be (-3)/(-18) + 110/60. Let y = x - m. Give k(y).
-10
Let j(y) be the third derivative of y**4/6 - 26*y**3/3 - 139*y**2. What is j(16)?
12
Suppose 80 = 3*d + 7*d. Let t(c) = c**2 - 6*c - 10. Give t(d).
6
Let l = 17 + -16. Let z(p) = -l - 4*p + 4 + 5*p. What is z(-9)?
-6
Let c(l) = l**3 - 4*l**2 - 7*l + 8. Suppose 24 = 5*j + j. Calculate c(j).
-20
Let p be (-14)/(-3)*((-3)/2 - -3). Let o(i) = -3*i - 6. Give o(p).
-27
Let r(t) = -4*t + t**2 - 6 - 1 + 0*t**2. Let f(z) = z + 1. Let c(i) = -3*i - 4. Let k(y) = 2*c(y) + 7*f(y). Let u be k(6). Calculate r(u).
-2
Let d = 1450 + -1457. Let w(q) = -q**3 - 5*q**2 + 11*q + 6. Calculate w(d).
27
Let t be (-8)/(-32)*-4*-2. Let j(c) = -15*c - 5. Calculate j(t).
-35
Let g(c) be the second derivative of -c**5/20 + 7*c**4/12 - 7*c**3/6 + 4*c**2 + c. Suppose 3*b = -12*b + 180. Suppose -b = -4*i + 12. What is g(i)?
2
Suppose -15 + 0 = 5*c. Let i(p) be the first derivative of -p**3/3 - 5*p**2/2 - p - 16. Determine i(c).
5
Let x(h) = h**3 - 2*h**2 - h + 2. Suppose -8*q + 21 = -q. Determine x(q).
8
Let j(h) = h**2 - 5*h - 5. Let w(q) = 22*q + 313. Let m be w(-14). Calculate j(m).
-5
Let a(b) be the first derivative of b**4/4 + b**3/3 + 3*b**2 + 3*b + 262. Determine a(-2).
-13
Suppose 8*a + 42 = 26. Let y(o) = 15*o - 4*o + 2 + 2*o. What is y(a)?
-24
Let p(l) = -7*l**2 - 3*l - 14. Let y = -12 - -17. Let z(h) = -11*h**2 - 4*h - 21. Let s(x) = y*z(x) - 8*p(x). Let c = 2922 + -2927. Calculate s(c).
12
Suppose 0 = o - 0*h - 2*h - 520, -3*o + 5*h + 1557 = 0. Let q(v) = 4 + 8*v - 515*v**3 + o*v**3 - 4*v**2 + 0*v**2. Give q(-5).
-11
Let p(q) be the third derivative of 0*q - 1/60*q**5 + 1/4*q**4 + 0 - q**3 + q**2. What is p(4)?
2
Let u(o) = -9*o**3 - 7*o**2 - 10*o - 21. Let y(b) = 5*b**3 + 4*b**2 + 5*b + 11. Let n be (-380)/(-65) + 4/26. Let s(f) = n*u(f) + 11*y(f). Calculate s(-4).
-17
Suppose 4 = v + 8. Let h(p) = -p - 3. Let z(s) = s + 4. Let l(f) = v*h(f) - 3*z(f). What is l(-3)?
-3
Let t(g) = g + 1. Suppose 3*h + 2*p + 4 = 1, 5*h + 5*p + 10 = 0. Let r = h - 8. Determine t(r).
-6
Let d(k) = -k**3 + 5*k**2 + 10*k - 17. Let v = -372 - -378. What is d(v)?
7
Let l(b) = 2*b**3 + b**2 - 2*b + 1. Let x be l(1). Let a(d) be the third derivative of -1/60*d**5 + 0*d - 32*d**2 - 1/12*d**4 + 0 - 1/6*d**3. What is a(x)?
-9
Suppose 0 = 4*v - 0*v. Suppose v = -6*w + 3*w + 3, -4*w = -4*c - 20. Let j(q) be the second derivative of -q**5/20 - q**4/6 + 2*q**3/3 - q. What is j(c)?
16
Let q(s) = -s**3 + s**2 + 5. Let i be q(0). Let l(g) = -3 - i - g + 4*g - g. Suppose 2*w + 24 = 6*w. Give l(w).
4
Let l be (-208)/(-24) - 2/(-6). Suppose j + l - 12 = 0. Suppose z = j*z. Let k(u) = -u**3 - u**2 - 3. Determine k(z).
-3
Let v be 42/18 - 1/3. Let c(l) = 6*l**2 + 4 - 13*l**v + 6*l**2 - 10 + 7*l. What is c(4)?
6
Let p(y) = 5*y**3 + 7*y**2 - 3*y + 16. Let h(n) = -6*n**3 - 9*n**2 + 4*n - 16. Let z(x) = -4*h(x) - 5*p(x). What is z(0)?
-16
Let m(g) = -10*g**3 - g - 8. Let y(a) = 2. Let w(z) = m(z) + 4*y(z). Determine w(1).
-11
Let p(z) = 1. Let w(k) = k + 11. Suppose -2*j - b - 18 = -4*b, -4*j + b = 26. Let v(g) = j*p(g) + w(g). Suppose -3 = 2*s + 9. Give v(s).
-1
Let g(z) = z**3 + z**2 - 19*z - 4. Let c be g(4). Let v(b) be the second derivative of 1/2*b**2 + b + c + 1/2*b**3. Give v(5).
16
Let j(k) = -5*k**2 + 7*k + 17*k + 2 + 4*k**2 - 33*k + 5*k. What is j(-7)?
-19
Let p(g) be the third derivative of -g**5/30 - 47*g**4/24 - 25*g**3/6 + 30*g**2 - 2. Determine p(-23).
-2
Let n(r) = -r**3 + 3 + 192*r**2 + 3 + 182*r**2 + 0 - 368*r**2. Let x be (1 - 0)*1 - -5. Determine n(x).
6
Let b = -165 - -167. Let y(s) = s**2 - 5*s - 10. Let w(i) = 14*i - 5*i**2 - 4*i + 10*i + 41. Let k(o) = b*w(o) + 9*y(o). What is k(-6)?
-14
Let i(f) = -4*f**2 + 4*f + 1. Let b = -21 + 33. Suppose -3*l + b = l. Calculate i(l).
-23
Let s be (5 - 0) + 15 + -18. Let v(p) = 10*p - 9*p**2 + 21*p**2 - 11*p**s + 8. What is v(-8)?
-8
Suppose -22*q - 39 = -9*q. Let s(f) = 4*f + 4. Let d be s(q). Let o(y) = -y**2 - 7*y + 11. Calculate o(d).
3
Suppose 0 = -2*m - 3*x - 5, 9*m - 8*m + 3*x = -4. Let i(s) = -6*s**2 + 3*s - 2. Let l(h) = 23*h**2 - 13*h + 9. Let q(b) = -9*i(b) - 2*l(b). Calculate q(m).
9
Suppose a - 2*a + 56 = 0. Suppose 0 = o - 5*o + a. Suppose -5*x + o = -1. Let p(d) = d**2 - 3*d + 4. Calculate p(x).
4
Let c = 0 - 6. Let f(g) = -g**2 + g - 4. Let p(k) = -8*k**2 - 33. Let v(w) = 7*f(w) - p(w). Determine v